 c + z. List the prime factors of r.
137
Let p(b) = -b**3 + 17*b**2 - 8*b + 2. Let u(m) = m**2 + 19*m + 91. Let d be u(-6). List the prime factors of p(d).
2, 7, 41
What are the prime factors of 4/(3/((-42615)/(-6)))?
2, 5, 947
Let z = 3040 + -2732. List the prime factors of z.
2, 7, 11
Suppose -3*p = -384*d + 379*d - 7493, 5*d = -4*p + 9979. What are the prime factors of p?
2, 3, 13
List the prime factors of (300/(-33))/(24/(-132)).
2, 5
Suppose 2*g = 569 - 111. Let t = g + -129. Let y = t + -59. What are the prime factors of y?
41
Let t = 27 + -22. Suppose -t*m + c + 0*c + 72 = 0, m = -c + 18. List the prime factors of (-1)/(-5) - (-1872)/m.
5
Let p(w) = 61 - 30 + 20*w + 99 - 23*w. List the prime factors of p(27).
7
Let u(q) = 2*q**2 - 14*q - 10. Let b be u(10). Suppose 10*l - 10 = b. Suppose 0 = 3*f + l*f - 63. List the prime factors of f.
7
Let r(h) = -3*h - 28. Let l(j) = 6*j + 57. Let o(m) = 3*l(m) + 5*r(m). Let u be o(-12). List the prime factors of 5 + (-9 - u - -47).
2, 3
Let f = -51 + 60. Suppose -4*r + 15 + f = 2*q, 4*q = -5*r + 33. Suppose -p = r*n - 660, -n - 2*p + 85 = -47. What are the prime factors of n?
2, 3, 11
Suppose 0 = -5*s - 6*d + 2*d + 385696, 3*s + 4*d = 231408. List the prime factors of s.
2, 9643
Let k = -17221 + 26059. What are the prime factors of k?
2, 3, 491
Let s(r) = r + 71. Let y be s(-42). Suppose 2*g - y*g = -20898. List the prime factors of g.
2, 3, 43
Suppose -2*v + 307 = -37. Let w = v - 122. What are the prime factors of w?
2, 5
Suppose -5*x = -2*b + 12337, 0 = -16*b + 12*b - x + 24707. List the prime factors of b.
2, 193
Let c = -44689 - -65861. What are the prime factors of c?
2, 67, 79
List the prime factors of ((-656075)/15)/35*(0 - 33).
11, 23, 163
Let f(g) = g**2 - 4*g + 69. Let r be f(0). Suppose 79 = 5*c + r. What are the prime factors of c?
2
What are the prime factors of ((675/(-20))/9)/(3/(-11256))?
2, 3, 5, 7, 67
Suppose 9*z - 12*z = -4*h - 4707, -4*h = 5*z + 4667. Let g = h + 2024. List the prime factors of g.
23, 37
Let t(m) be the first derivative of 3*m**4/2 + m**3 - m**2 - m - 786. Suppose -3*p + 0*a + 6 = -a, -p + 2 = 5*a. List the prime factors of t(p).
5, 11
Suppose 0 = 12*l + 25 - 85. Suppose -4*u - 579 = -l*r + 251, r = 3*u + 155. What are the prime factors of r?
2, 5, 17
Suppose 2*h = 507 + 2021. Suppose -4*n = 5*y - 3151, 5*y - 2*n - h = 3*y. What are the prime factors of y?
631
What are the prime factors of (-76088)/16*1*(7 + -9)?
9511
Suppose -228*m = -235*m + 116648. What are the prime factors of m?
2, 2083
List the prime factors of (292/(-20) - -6)*-235 - -2.
7, 17
Suppose 5*q = -8*h + 4*h + 180, -2*h = 0. Let v = q + -40. Let j(x) = 10*x**2 + 4*x - 1. List the prime factors of j(v).
11, 13
Let s(c) = -c**3 + 5*c**2 + 5*c + 13*c - 5 + 0 - 2*c. Suppose 2*u = -2*b + 24, -3*u - 5*b + 42 = -4. List the prime factors of s(u).
3
Let n = -85 + 96. Suppose 6*r - n*r = -10. Suppose -j - 430 = -4*j + q, -r*q = -j + 140. List the prime factors of j.
2, 3
Suppose 4*i + 3*o - 6*o + 26591 = 0, -4*i - 26596 = -4*o. What are the prime factors of i/(-16) + 15/20?
2, 13
Let r(w) = -3*w + 45. Let v be r(14). List the prime factors of -5*(-4 - -1118)/(v + -13).
557
Let t(f) = -f**2 - f + 1. Let h(x) = -29*x**2 - 7*x + 10. Let m(l) = -h(l) + 4*t(l). Let j be m(2). Suppose 4*u - 268 = j. What are the prime factors of u?
2, 23
Let r = -237 + 637. Let k = -225 - -399. Let z = r - k. What are the prime factors of z?
2, 113
Suppose 18 = 4*k - 4*h + 46, 4*h + 17 = -k. Let t = 11 + k. List the prime factors of (-118)/(-4)*(t + 0).
59
Let v = -45 - -49. Suppose 3*i - v*i = 0. Suppose 2*w + i = 134. What are the prime factors of w?
67
Suppose -3*y + 121474 = 5*s, -57*y - 5*s = -58*y + 40478. List the prime factors of y.
2, 3, 7, 241
Suppose 0 = 4*s - q, 4 = -3*s + 3*q - 5. Suppose -s = -3*y + 8. Suppose 0 = 5*g - y*g - 88. What are the prime factors of g?
2, 11
Let c(n) = -n**2 + 140*n - 104. List the prime factors of c(57).
7, 661
Let s = 3889 - 2522. List the prime factors of s.
1367
Suppose -1 = -5*n + 2*f, 0 = -5*n - 3*f + 10 + 1. List the prime factors of 584 + (5/n + -9)/(-4).
3, 5, 13
Let a = -1 - 1. Let d be a/(-5) - (376/(-10) + 6). Let u = d - 17. What are the prime factors of u?
3, 5
Suppose -5*i + 317 = h, -14*h + 2*i + 1666 = -9*h. Let w be -2 - h - (-4 - -5). Let n = 510 + w. What are the prime factors of n?
5, 7
Let n = 11528 - -2226. List the prime factors of n.
2, 13, 23
What are the prime factors of 7 + (-14)/7*(-4 + (-34002)/4)?
2, 3, 709
What are the prime factors of 56546995/1608 + (-1)/24?
2, 3, 5861
Let b(w) = -85*w**3 + 33*w**2 - 2*w - 5. What are the prime factors of b(-6)?
5, 3911
Let p(t) = -t**3 - 45*t**2 - 4*t - 180. Let o be p(-45). Suppose o = -5*v + n + 1105, 263 = -3*v - 5*n + 898. List the prime factors of v.
2, 5, 11
Suppose k = -4*n + 9291 + 30955, 2*k - 30177 = -3*n. List the prime factors of n.
29, 347
Suppose 7*h = 8*h - 21. Suppose -27*j + h*j + 3042 = 0. List the prime factors of j.
3, 13
Suppose 5*l = 5*r + 11530, 0 = 2*l - 15*r + 16*r - 4603. List the prime factors of l.
7, 47
Let j = 9243 - 4597. List the prime factors of j.
2, 23, 101
Let p(v) = v**3 - 16*v**2 + 4. Let y be p(16). What are the prime factors of (-194)/((-44)/(-12) - y)?
2, 3, 97
Let j(t) = -69*t - 173 + 181 + 9*t. What are the prime factors of j(-5)?
2, 7, 11
Suppose 19510 = 2*n + 5*v, -274*n = -277*n + 2*v + 29208. What are the prime factors of n?
2, 5, 487
Suppose 0 = 9*o - 204024 - 209301. List the prime factors of o.
5, 11, 167
Let k be (-16 - -22)*134/6. Suppose -5*s + 4*q - k = 0, 110 = -2*s - s - 5*q. List the prime factors of (-2)/(s/(-685))*-3.
137
Suppose -3*k = -4*k + 2. Suppose 0 = -k*r - 3 - 1. List the prime factors of r*(-2 - 2 - 15).
2, 19
What are the prime factors of 1417936/520 - 4/5?
2, 29, 47
Let u(r) = -40*r - 335. Let q be u(-9). Suppose 20*z + 1210 = x + q*z, 0 = -3*z + 3. What are the prime factors of x?
5, 241
List the prime factors of (-225)/30*(12906/(-15) + -2).
2, 3, 7, 11
Let i(p) = 88*p**3 - 3*p**2 + 30*p - 14. List the prime factors of i(4).
2, 5, 569
Let c be (3042/36)/(2/(-52)). Let o = -1291 - c. What are the prime factors of o?
2, 3, 151
Let j(g) = 4*g**2 + 31*g - 4. Let q be j(-8). Suppose 0 = -4*v + q, 3*o - 1823 - 917 = -v. What are the prime factors of o?
11, 83
Let a(u) = 5*u**3 - 2*u**2 + 64*u - 51. List the prime factors of a(15).
2, 3, 107
Suppose 6819 = 30*c - 6924 + 1443. List the prime factors of c.
2, 5, 41
Let i = 43617 + -24423. List the prime factors of i.
2, 3, 7, 457
Let x = -213 + 457. Let a = -48 + x. What are the prime factors of a?
2, 7
Suppose 4*a - 76 = 5*c, -3*a - 2 = -2*c - 31. Let m(q) = -37*q + 165. List the prime factors of m(c).
757
Suppose -53*x + 94 = -55*x. Let c = x - -45. What are the prime factors of (-1 - c)/(0 - 3/(-153))?
3, 17
Let x = -366 - -660. Let i = x - 101. What are the prime factors of i?
193
Suppose -4 = 4*j, -10*y + 5*j + 7365 = -6*y. Suppose 0 = -g - 3*c + 1216, 5*c + 1864 = 3*g - y. List the prime factors of g.
2, 307
Let n(u) = -u**2 + 31*u - 224. Let j be n(12). Suppose -3*y = j*g - 4460, -15*g = -18*g + 2*y + 3328. List the prime factors of g.
2, 139
What are the prime factors of (22/33)/((-44)/4023855)*2/(-3)?
5, 11, 739
Suppose -4*t + 24*t = 17*t + 1173. List the prime factors of t.
17, 23
Let k be (-148)/28 - (-4)/14. Let r(m) = -2*m**2 - 2*m - 2. Let w be r(k). Let f = w + 52. List the prime factors of f.
2, 5
Suppose 5*v - 4*d + 5144 = 0, 2*v + 1493 = -d - 575. Let f = -697 - v. List the prime factors of f.
5, 67
What are the prime factors of (-311 + 125)/(217/(-72) - -3)?
2, 3, 31
Let r = 68222 - 23404. What are the prime factors of r?
2, 22409
Suppose -5*b - 3*y + 7 = -5, 4*b - 5*y = -20. Suppose b = -4*w - w + 290. Suppose 101 = -3*m + 5*m - 3*t, -m + w = t. What are the prime factors of m?
5, 11
Suppose 2 = -4*z + 5*f + 7, -5*z - 1 = f. Suppose 0*b + 6*b - 30 = z. Suppose -b*n = -3*g - 2*n + 246, 5*g + n = 386. List the prime factors of g.
2, 3, 13
Let s(r) = 253*r**2 - 4*r - 5. List the prime factors of s(-2).
5, 7, 29
Suppose 4*f = -270 + 402. List the prime factors of f.
3, 11
Suppose -u = -4*o + o + 57, 0 = -2*o + 4*u + 48. Let b(a) = 9*a**2 - 87*a - 52. What are the prime factors of b(o)?